{"id":97,"date":"2025-03-10T17:04:40","date_gmt":"2025-03-10T16:04:40","guid":{"rendered":"https:\/\/ecrireetconseiller.fr\/?page_id=97"},"modified":"2025-07-17T11:27:56","modified_gmt":"2025-07-17T09:27:56","slug":"entreprisesetcollectivites","status":"publish","type":"page","link":"https:\/\/ecrireetconseiller.fr\/index.php\/entreprisesetcollectivites\/","title":{"rendered":"Pour les entreprises, les associations, les collectivit\u00e9s"},"content":{"rendered":"\n<h1 class=\"wp-block-heading has-large-font-size\">R\u00e9daction pour les entreprises, les associations, les collectivit\u00e9s<\/h1>\n\n\n\n<h2 class=\"wp-block-heading\" style=\"font-size:26px\">Pour les entreprises<\/h2>\n\n\n\n<p class=\"has-ast-global-color-8-color has-text-color has-link-color wp-elements-aba25aff5e37c7c656e2c0717922f555\">De par mon exp\u00e9rience enrichie gr\u00e2ce \u00e0 mes r\u00e9dactions pour des entreprises, j\u2019ai essay\u00e9 de contribuer \u00e0 leur \u00e9panouissement, \u00e0 leur effort de communication, aux soins qu\u2019elles apportent \u00e0 leurs clients, patients ou employ\u00e9s. Du livre blanc \u00e0 la r\u00e9daction de notes d\u2019opportunit\u00e9, en passant par l\u2019\u00e9dition de FAQ ou l\u2019am\u00e9lioration de textes, mes comp\u00e9tences seront au service de la soci\u00e9t\u00e9 qui fait appel \u00e0 moi. Autre r\u00e9alisation originale\u00a0: j\u2019ai particip\u00e9 \u00e0 l\u2019\u00e9laboration d\u2019une story \u00e9ducative pour la soci\u00e9t\u00e9 Elobloom, en r\u00e9alisant un template qui abordait le th\u00e8me du management participatif. Tr\u00e8s int\u00e9ressante exp\u00e9rience qui montre que je suis ouvert \u00e0 des propositions d\u00e9passant les limites que l\u2019on pourrait avoir en t\u00eate sur ma profession.<\/p>\n\n\n\n<h2 class=\"wp-block-heading\" style=\"font-size:26px\">Pour les associations<\/h2>\n\n\n\n<p class=\"has-ast-global-color-8-color has-text-color has-link-color wp-elements-3ea111c4acc2a8ee91bafc5b6518f328\">Un r\u00e9cit pour transmettre par \u00e9crit l\u2019histoire de l\u2019association que vous connaissez ou \u00e0 laquelle vous adh\u00e9rez\u2009? Je me pr\u00eate \u00e0 l\u2019exercice de r\u00e9cits \u00ab&nbsp;biographiques&nbsp;\u00bb d\u2019associations tr\u00e8s vari\u00e9es, allant du secteur judiciaire \u00e0 des jardins ouvriers, en passant par une coop\u00e9rative d\u2019habitants\u2026 Une forme juridique qu\u2019il me pla\u00eet de c\u00f4toyer, tant je lui pr\u00eate beaucoup d\u2019utilit\u00e9 publique.<\/p>\n\n\n\n<h2 class=\"wp-block-heading\" style=\"font-size:26px\">Pour les collectivit\u00e9s<\/h2>\n\n\n\n<p class=\"has-ast-global-color-8-color has-text-color has-link-color wp-elements-899b9eb47a3c05a58f3dcce53c86c780\">Mairies, agglom\u00e9rations, institutions, organismes et acteurs plus particuliers du monde du travail, divers et vari\u00e9s&nbsp;: faites appel \u00e0 moi pour des r\u00e9cits sur les citoyens, sur les b\u00e2timents \u00e0 mettre en valeur, sur des histoires de pays, de r\u00e9gions, de fermes ou encore de cours d\u2019eau ou de fa\u00e7ons de faire. Les livres d\u00e9crivant la vie qui s\u2019est d\u00e9roul\u00e9e me passionnent. Vous retrouverez la flamme qui m\u2019habite \u00e0 travers le r\u00e9cit construit avec les diff\u00e9rents (f)acteurs du monde qui nous entourent.<\/p>\n\n\n\n<p class=\"has-ast-global-color-8-color has-text-color has-link-color wp-elements-ca98cae5bc509782e67bad3f8bdf4066\">Autrement, les compilations d&#8217;archives permettant de retirer des synth\u00e8ses fid\u00e8les au pass\u00e9 peuvent repr\u00e9senter un bien pr\u00e9cieux aux yeux d&#8217;autres personnes, qui voudraient retransmettre par \u00e9crit ces t\u00e9moignages aux g\u00e9n\u00e9rations pr\u00e9sentes et futures.<\/p>\n\n\n\n<p class=\"has-ast-global-color-8-color has-text-color has-link-color wp-elements-4ad9e4c5a28e3f0a70d37e169944bd5c\">PS : si vous avez des besoins de retranscription, je me tiens \u00e9galement \u00e0 votre disposition. Les conseils municipaux ou les CSE, les r\u00e9unions pl\u00e9ni\u00e8res ou les CA n\u2019ont plus beaucoup de secrets pour moi. <a href=\"https:\/\/ecrireetconseiller.fr\/index.php\/comptes-rendus-et-syntheses-de-reunions\/\">Ma page destin\u00e9e aux comptes-rendus vous renseignera mieux.<\/a><\/p>\n\n\n\n<p>PS<\/p>\n\n\n\n<p><\/p>\n","protected":false},"excerpt":{"rendered":"<p>R\u00e9daction pour les entreprises, les associations, les collectivit\u00e9s Pour les entreprises De par mon exp\u00e9rience enrichie gr\u00e2ce \u00e0 mes r\u00e9dactions [&hellip;]<\/p>\n","protected":false},"author":1,"featured_media":0,"parent":0,"menu_order":1,"comment_status":"closed","ping_status":"closed","template":"","meta":{"site-sidebar-layout":"default","site-content-layout":"","ast-site-content-layout":"default","site-content-style":"default","site-sidebar-style":"default","ast-global-header-display":"","ast-banner-title-visibility":"","ast-main-header-display":"","ast-hfb-above-header-display":"","ast-hfb-below-header-display":"","ast-hfb-mobile-header-display":"","site-post-title":"","ast-breadcrumbs-content":"","ast-featured-img":"","footer-sml-layout":"","ast-disable-related-posts":"","theme-transparent-header-meta":"","adv-header-id-meta":"","stick-header-meta":"","header-above-stick-meta":"","header-main-stick-meta":"","header-below-stick-meta":"","astra-migrate-meta-layouts":"default","ast-page-background-enabled":"default","ast-page-background-meta":{"desktop":{"background-color":"var(--ast-global-color-5)","background-image":"","background-repeat":"repeat","background-position":"center center","background-size":"auto","background-attachment":"scroll","background-type":"","background-media":"","overlay-type":"","overlay-color":"","overlay-opacity":"","overlay-gradient":""},"tablet":{"background-color":"","background-image":"","background-repeat":"repeat","background-position":"center center","background-size":"auto","background-attachment":"scroll","background-type":"","background-media":"","overlay-type":"","overlay-color":"","overlay-opacity":"","overlay-gradient":""},"mobile":{"background-color":"","background-image":"","background-repeat":"repeat","background-position":"center center","background-size":"auto","background-attachment":"scroll","background-type":"","background-media":"","overlay-type":"","overlay-color":"","overlay-opacity":"","overlay-gradient":""}},"ast-content-background-meta":{"desktop":{"background-color":"var(--ast-global-color-4)","background-image":"","background-repeat":"repeat","background-position":"center center","background-size":"auto","background-attachment":"scroll","background-type":"","background-media":"","overlay-type":"","overlay-color":"","overlay-opacity":"","overlay-gradient":""},"tablet":{"background-color":"var(--ast-global-color-4)","background-image":"","background-repeat":"repeat","background-position":"center center","background-size":"auto","background-attachment":"scroll","background-type":"","background-media":"","overlay-type":"","overlay-color":"","overlay-opacity":"","overlay-gradient":""},"mobile":{"background-color":"var(--ast-global-color-4)","background-image":"","background-repeat":"repeat","background-position":"center center","background-size":"auto","background-attachment":"scroll","background-type":"","background-media":"","overlay-type":"","overlay-color":"","overlay-opacity":"","overlay-gradient":""}},"footnotes":""},"class_list":["post-97","page","type-page","status-publish","hentry"],"yoast_head":"<!-- This site is optimized with the Yoast SEO plugin v27.4 - https:\/\/yoast.com\/product\/yoast-seo-wordpress\/ -->\n<title>Pour les entreprises, les associations, les collectivit\u00e9s - De l&#039;aide pour \u00e9crire ? Votre \u00e9crivain public - biographe ici<\/title>\n<meta name=\"description\" content=\"Prestations de services tr\u00e8s vari\u00e9es pour les services publics, les entreprises priv\u00e9es ou les associations\" \/>\n<meta name=\"robots\" content=\"index, follow, max-snippet:-1, max-image-preview:large, max-video-preview:-1\" \/>\n<link rel=\"canonical\" href=\"https:\/\/ecrireetconseiller.fr\/index.php\/entreprisesetcollectivites\/\" \/>\n<meta property=\"og:locale\" content=\"en_US\" \/>\n<meta property=\"og:type\" content=\"article\" \/>\n<meta property=\"og:title\" content=\"Pour les entreprises, les associations, les collectivit\u00e9s - De l&#039;aide pour \u00e9crire ? Votre \u00e9crivain public - biographe ici\" \/>\n<meta property=\"og:description\" content=\"Prestations de services tr\u00e8s vari\u00e9es pour les services publics, les entreprises priv\u00e9es ou les associations\" \/>\n<meta property=\"og:url\" content=\"https:\/\/ecrireetconseiller.fr\/index.php\/entreprisesetcollectivites\/\" \/>\n<meta property=\"og:site_name\" content=\"De l&#039;aide pour \u00e9crire ? Votre \u00e9crivain public - biographe ici\" \/>\n<meta property=\"article:publisher\" content=\"https:\/\/www.facebook.com\/vandaeleflorian\" \/>\n<meta property=\"article:modified_time\" content=\"2025-07-17T09:27:56+00:00\" \/>\n<meta name=\"twitter:card\" content=\"summary_large_image\" \/>\n<meta name=\"twitter:label1\" content=\"Est. reading time\" \/>\n\t<meta name=\"twitter:data1\" content=\"2 minutes\" \/>\n<script type=\"application\/ld+json\" class=\"yoast-schema-graph\">{\"@context\":\"https:\\\/\\\/schema.org\",\"@graph\":[{\"@type\":\"WebPage\",\"@id\":\"https:\\\/\\\/ecrireetconseiller.fr\\\/index.php\\\/entreprisesetcollectivites\\\/\",\"url\":\"https:\\\/\\\/ecrireetconseiller.fr\\\/index.php\\\/entreprisesetcollectivites\\\/\",\"name\":\"Pour les entreprises, les associations, les collectivit\u00e9s - De l&#039;aide pour \u00e9crire ? Votre \u00e9crivain public - biographe ici\",\"isPartOf\":{\"@id\":\"https:\\\/\\\/ecrireetconseiller.fr\\\/#website\"},\"datePublished\":\"2025-03-10T16:04:40+00:00\",\"dateModified\":\"2025-07-17T09:27:56+00:00\",\"description\":\"Prestations de services tr\u00e8s vari\u00e9es pour les services publics, les entreprises priv\u00e9es ou les associations\",\"breadcrumb\":{\"@id\":\"https:\\\/\\\/ecrireetconseiller.fr\\\/index.php\\\/entreprisesetcollectivites\\\/#breadcrumb\"},\"inLanguage\":\"en-US\",\"potentialAction\":[{\"@type\":\"ReadAction\",\"target\":[\"https:\\\/\\\/ecrireetconseiller.fr\\\/index.php\\\/entreprisesetcollectivites\\\/\"]}]},{\"@type\":\"BreadcrumbList\",\"@id\":\"https:\\\/\\\/ecrireetconseiller.fr\\\/index.php\\\/entreprisesetcollectivites\\\/#breadcrumb\",\"itemListElement\":[{\"@type\":\"ListItem\",\"position\":1,\"name\":\"Accueil\",\"item\":\"https:\\\/\\\/ecrireetconseiller.fr\\\/\"},{\"@type\":\"ListItem\",\"position\":2,\"name\":\"Pour les entreprises, les associations, les collectivit\u00e9s\"}]},{\"@type\":\"WebSite\",\"@id\":\"https:\\\/\\\/ecrireetconseiller.fr\\\/#website\",\"url\":\"https:\\\/\\\/ecrireetconseiller.fr\\\/\",\"name\":\"Ecrire et conseiller\",\"description\":\"Pour tous vos besoins en biographie, comptes-rendus, conseil, relecture et \u00e9criture, voici mon num\u00e9ro : 06.08.91.13.74\",\"publisher\":{\"@id\":\"https:\\\/\\\/ecrireetconseiller.fr\\\/#organization\"},\"potentialAction\":[{\"@type\":\"SearchAction\",\"target\":{\"@type\":\"EntryPoint\",\"urlTemplate\":\"https:\\\/\\\/ecrireetconseiller.fr\\\/?s={search_term_string}\"},\"query-input\":{\"@type\":\"PropertyValueSpecification\",\"valueRequired\":true,\"valueName\":\"search_term_string\"}}],\"inLanguage\":\"en-US\"},{\"@type\":\"Organization\",\"@id\":\"https:\\\/\\\/ecrireetconseiller.fr\\\/#organization\",\"name\":\"Ecrire et conseiller\",\"url\":\"https:\\\/\\\/ecrireetconseiller.fr\\\/\",\"logo\":{\"@type\":\"ImageObject\",\"inLanguage\":\"en-US\",\"@id\":\"https:\\\/\\\/ecrireetconseiller.fr\\\/#\\\/schema\\\/logo\\\/image\\\/\",\"url\":\"https:\\\/\\\/ecrireetconseiller.fr\\\/wp-content\\\/uploads\\\/2025\\\/05\\\/cropped-cropped-Sans-titre-1-1.webp\",\"contentUrl\":\"https:\\\/\\\/ecrireetconseiller.fr\\\/wp-content\\\/uploads\\\/2025\\\/05\\\/cropped-cropped-Sans-titre-1-1.webp\",\"width\":597,\"height\":220,\"caption\":\"Ecrire et conseiller\"},\"image\":{\"@id\":\"https:\\\/\\\/ecrireetconseiller.fr\\\/#\\\/schema\\\/logo\\\/image\\\/\"},\"sameAs\":[\"https:\\\/\\\/www.facebook.com\\\/vandaeleflorian\",\"https:\\\/\\\/www.linkedin.com\\\/in\\\/florian-vandaele-a094b1122\\\/\"]}]}<\/script>\n<!-- \/ Yoast SEO plugin. -->","yoast_head_json":{"title":"Pour les entreprises, les associations, les collectivit\u00e9s - De l&#039;aide pour \u00e9crire ? Votre \u00e9crivain public - biographe ici","description":"Prestations de services tr\u00e8s vari\u00e9es pour les services publics, les entreprises priv\u00e9es ou les associations","robots":{"index":"index","follow":"follow","max-snippet":"max-snippet:-1","max-image-preview":"max-image-preview:large","max-video-preview":"max-video-preview:-1"},"canonical":"https:\/\/ecrireetconseiller.fr\/index.php\/entreprisesetcollectivites\/","og_locale":"en_US","og_type":"article","og_title":"Pour les entreprises, les associations, les collectivit\u00e9s - De l&#039;aide pour \u00e9crire ? Votre \u00e9crivain public - biographe ici","og_description":"Prestations de services tr\u00e8s vari\u00e9es pour les services publics, les entreprises priv\u00e9es ou les associations","og_url":"https:\/\/ecrireetconseiller.fr\/index.php\/entreprisesetcollectivites\/","og_site_name":"De l&#039;aide pour \u00e9crire ? Votre \u00e9crivain public - biographe ici","article_publisher":"https:\/\/www.facebook.com\/vandaeleflorian","article_modified_time":"2025-07-17T09:27:56+00:00","twitter_card":"summary_large_image","twitter_misc":{"Est. reading time":"2 minutes"},"schema":{"@context":"https:\/\/schema.org","@graph":[{"@type":"WebPage","@id":"https:\/\/ecrireetconseiller.fr\/index.php\/entreprisesetcollectivites\/","url":"https:\/\/ecrireetconseiller.fr\/index.php\/entreprisesetcollectivites\/","name":"Pour les entreprises, les associations, les collectivit\u00e9s - De l&#039;aide pour \u00e9crire ? Votre \u00e9crivain public - biographe ici","isPartOf":{"@id":"https:\/\/ecrireetconseiller.fr\/#website"},"datePublished":"2025-03-10T16:04:40+00:00","dateModified":"2025-07-17T09:27:56+00:00","description":"Prestations de services tr\u00e8s vari\u00e9es pour les services publics, les entreprises priv\u00e9es ou les associations","breadcrumb":{"@id":"https:\/\/ecrireetconseiller.fr\/index.php\/entreprisesetcollectivites\/#breadcrumb"},"inLanguage":"en-US","potentialAction":[{"@type":"ReadAction","target":["https:\/\/ecrireetconseiller.fr\/index.php\/entreprisesetcollectivites\/"]}]},{"@type":"BreadcrumbList","@id":"https:\/\/ecrireetconseiller.fr\/index.php\/entreprisesetcollectivites\/#breadcrumb","itemListElement":[{"@type":"ListItem","position":1,"name":"Accueil","item":"https:\/\/ecrireetconseiller.fr\/"},{"@type":"ListItem","position":2,"name":"Pour les entreprises, les associations, les collectivit\u00e9s"}]},{"@type":"WebSite","@id":"https:\/\/ecrireetconseiller.fr\/#website","url":"https:\/\/ecrireetconseiller.fr\/","name":"Ecrire et conseiller","description":"Pour tous vos besoins en biographie, comptes-rendus, conseil, relecture et \u00e9criture, voici mon num\u00e9ro : 06.08.91.13.74","publisher":{"@id":"https:\/\/ecrireetconseiller.fr\/#organization"},"potentialAction":[{"@type":"SearchAction","target":{"@type":"EntryPoint","urlTemplate":"https:\/\/ecrireetconseiller.fr\/?s={search_term_string}"},"query-input":{"@type":"PropertyValueSpecification","valueRequired":true,"valueName":"search_term_string"}}],"inLanguage":"en-US"},{"@type":"Organization","@id":"https:\/\/ecrireetconseiller.fr\/#organization","name":"Ecrire et conseiller","url":"https:\/\/ecrireetconseiller.fr\/","logo":{"@type":"ImageObject","inLanguage":"en-US","@id":"https:\/\/ecrireetconseiller.fr\/#\/schema\/logo\/image\/","url":"https:\/\/ecrireetconseiller.fr\/wp-content\/uploads\/2025\/05\/cropped-cropped-Sans-titre-1-1.webp","contentUrl":"https:\/\/ecrireetconseiller.fr\/wp-content\/uploads\/2025\/05\/cropped-cropped-Sans-titre-1-1.webp","width":597,"height":220,"caption":"Ecrire et conseiller"},"image":{"@id":"https:\/\/ecrireetconseiller.fr\/#\/schema\/logo\/image\/"},"sameAs":["https:\/\/www.facebook.com\/vandaeleflorian","https:\/\/www.linkedin.com\/in\/florian-vandaele-a094b1122\/"]}]}},"_links":{"self":[{"href":"https:\/\/ecrireetconseiller.fr\/index.php\/wp-json\/wp\/v2\/pages\/97","targetHints":{"allow":["GET"]}}],"collection":[{"href":"https:\/\/ecrireetconseiller.fr\/index.php\/wp-json\/wp\/v2\/pages"}],"about":[{"href":"https:\/\/ecrireetconseiller.fr\/index.php\/wp-json\/wp\/v2\/types\/page"}],"author":[{"embeddable":true,"href":"https:\/\/ecrireetconseiller.fr\/index.php\/wp-json\/wp\/v2\/users\/1"}],"replies":[{"embeddable":true,"href":"https:\/\/ecrireetconseiller.fr\/index.php\/wp-json\/wp\/v2\/comments?post=97"}],"version-history":[{"count":7,"href":"https:\/\/ecrireetconseiller.fr\/index.php\/wp-json\/wp\/v2\/pages\/97\/revisions"}],"predecessor-version":[{"id":17544,"href":"https:\/\/ecrireetconseiller.fr\/index.php\/wp-json\/wp\/v2\/pages\/97\/revisions\/17544"}],"wp:attachment":[{"href":"https:\/\/ecrireetconseiller.fr\/index.php\/wp-json\/wp\/v2\/media?parent=97"}],"curies":[{"name":"wp","href":"https:\/\/api.w.org\/{rel}","templated":true}]}}